
-63
In base 13, what is -11 - 76?
-87
In base 2, what is 0 - -1111100?
1111100
In base 10, what is -1591 - 2?
-1593
In base 8, what is 254 + 3?
257
In base 15, what is -77e - -4?
-77a
In base 7, what is -2 + 150?
145
In base 9, what is -2 + -14?
-16
In base 8, what is -722 + 1?
-721
In base 2, what is -11 + 100100000?
100011101
In base 16, what is 3 + -ef?
-ec
In base 8, what is -57 - -145?
66
In base 3, what is -1 + 1000?
222
In base 6, what is -1 - 10015?
-10020
In base 14, what is 580 - -1?
581
In base 13, what is 11 - 269?
-258
In base 2, what is -11 - 0?
-11
In base 5, what is 10 - -2202?
2212
In base 7, what is 2 - 4?
-2
In base 5, what is -111 - -210?
44
In base 3, what is -2 + 10221002?
10221000
In base 13, what is -3 - 146?
-149
In base 9, what is -542 - 23?
-565
In base 3, what is 21 + -1112010?
-1111212
In base 8, what is 27 - 303?
-254
In base 9, what is 4 + 53?
57
In base 11, what is 5 + -96?
-91
In base 16, what is -1f - 0?
-1f
In base 9, what is 2 + -40?
-37
In base 6, what is -2550 + 0?
-2550
In base 14, what is -4 + -26?
-2a
In base 6, what is -1510 - 3?
-1513
In base 12, what is 0 + 524?
524
In base 14, what is -320 + 1b?
-303
In base 11, what is 136 + 11?
147
In base 11, what is -119 - -2?
-117
In base 13, what is c28 - -4?
c2c
In base 8, what is -10 - -1145?
1135
In base 14, what is -24a + 1?
-249
In base 7, what is -46 + 2?
-44
In base 8, what is -3 - -2263?
2260
In base 8, what is 16434 - -4?
16440
In base 13, what is b3 + 0?
b3
In base 15, what is -3 + -50b?
-50e
In base 10, what is 575 - -5?
580
In base 13, what is 2 - -1?
3
In base 10, what is -140 - 11?
-151
In base 8, what is 6 - -20?
26
In base 13, what is a + -15?
-8
In base 14, what is 16c3 + -5?
16bc
In base 3, what is -221 + -210?
-1201
In base 4, what is -10 + 3233?
3223
In base 2, what is -1000000101 - -11?
-1000000010
In base 8, what is -77 + 17?
-60
In base 2, what is -1110101 - 1100?
-10000001
In base 4, what is 3 - -20022?
20031
In base 9, what is 4 + 25?
30
In base 3, what is -12121 - 2?
-12200
In base 12, what is -5 + -223?
-228
In base 13, what is 116a + -3?
1167
In base 16, what is 4 - -104?
108
In base 16, what is 4 + 18?
1c
In base 13, what is -5 + -118?
-120
In base 10, what is 7 - -120?
127
In base 14, what is -3bda + 0?
-3bda
In base 4, what is -11 - 103222?
-103233
In base 2, what is -10011110111101 - 11?
-10011111000000
In base 11, what is 71a - 0?
71a
In base 9, what is -125 + -3?
-128
In base 4, what is 31 + 1023?
1120
In base 4, what is -3 + 131200?
131131
In base 16, what is -347 + 0?
-347
In base 16, what is 4fa + 2?
4fc
In base 2, what is 101110011 + -10?
101110001
In base 9, what is -5 + -270?
-275
In base 15, what is a6d + 2?
a70
In base 4, what is -23313 - -12?
-23301
In base 14, what is 78 - 1?
77
In base 10, what is 1 - 479?
-478
In base 11, what is -5 - 235?
-23a
In base 9, what is 2 - 160?
-157
In base 11, what is 2 - 464?
-462
In base 14, what is -115 - 7?
-11c
In base 9, what is -36 - 170?
-216
In base 10, what is 43 - 3?
40
In base 3, what is 2222011 - 10?
2222001
In base 15, what is -92 - -8?
-89
In base 7, what is -16 + -53?
-102
In base 13, what is 4 + 1?
5
In base 6, what is 11 + -11?
0
In base 2, what is 11 - 111000110101?
-111000110010
In base 10, what is -5 + -753?
-758
In base 7, what is -2 + 4265?
4263
In base 7, what is -4 - -4623?
4616
In base 2, what is 11 + -11010?
-10111
In base 3, what is -2 - -110212?
110210
In base 10, what is -5 - -123?
118
In base 8, what is 70663 - 3?
70660
In base 7, what is -131 + -245?
-406
In base 2, what is 10010110 + 1?
10010111
In base 2, what is 100000 - 1010?
10110
In base 7, what is -1102 + -2?
-1104
In base 9, what is 3122 - 4?
3117
In base 3, what is 12110220 - 12?
12110201
In base 8, what is 4 + -554?
-550
In base 12, what is 279 - 3?
276
In base 15, what is -a + -b?
-16
In base 15, what is -6 + -15?
-1b
In base 10, what is 1 - 753?
-752
In base 15, what is -252 - 8?
-25a
In base 8, what is 1 + 3113?
3114
In base 14, what is 3 - -6d?
72
In base 8, what is 5621 - 3?
5616
In base 6, what is 1540 + -5?
1531
In base 8, what is -1 + 3064?
3063
In base 2, what is 11 - 100000?
-11101
In base 3, what is -210210 - -10?
-210200
In base 16, what is f - -f?
1e
In base 2, what is -100100 + 1111?
-10101
In base 16, what is 1ce2 - -4?
1ce6
In base 3, what is -120210 - 1?
-120211
In base 15, what is -5 - 81?
-86
In base 11, what is -108 + -2?
-10a
In base 14, what is -1 - 841?
-842
In base 8, what is -2504 + 3?
-2501
In base 3, what is 10 - -20?
100
In base 13, what is -49a - 1?
-49b
In base 6, what is -525 + 5?
-520
In base 13, what is -96b + 1?
-96a
In base 9, what is 6 + 141?
147
In base 5, what is 13 - -1224?
1242
In base 10, what is 3 - 54?
-51
In base 10, what is -2 - 137?
-139
In base 13, what is -6 - 6?
-c
In base 8, what is -630 - 7?
-637
In base 11, what is 15 - -3?
18
In base 11, what is -4 + -958?
-961
In base 15, what is 4 + 141?
145
In base 13, what is -58 + -3?
-5b
In base 16, what is 140b + -4?
1407
In base 11, what is -7a - -1?
-79
In base 4, what is -2 + -333?
-1001
In base 13, what is -2 + 128?
126
In base 4, what is 32200 - -10?
32210
In base 2, what is 11 - -1100101001?
1100101100
In base 10, what is -1 - -110?
109
In base 2, what is 1001 - 1110000011?
-1101111010
In base 3, what is 11222112 + 0?
11222112
In base 13, what is -2a + 103?
a6
In base 4, what is 1021 + -1?
1020
In base 3, what is -1220 + -22?
-2012
In base 2, what is -1000111 + 100?
-1000011
In base 2, what is -10010010 + 0?
-10010010
In base 8, what is -145 - -3?
-142
In base 6, what is 203 - -23?
230
In base 16, what is -223 - -4?
-21f
In base 12, what is 1 + -173?
-172
In base 7, what is -20 - -5?
-12
In base 9, what is 5 - 3885?
-3880
In base 9, what is 3 - -175?
178
In base 7, what is 11 - -55?
66
In base 2, what is -101110001000 - 100?
-101110001100
In base 6, what is 354 + 1021?
1415
In base 14, what is 51 - 2?
4d
In base 12, what is -3 - 5a?
-61
In base 5, what is 111342 - 2?
111340
In base 9, what is -256 - 35?
-302
In base 5, what is 4 - 112?
-103
In base 9, what is -1 - -175?
174
In base 5, what is 4 + -22?
-13
In base 2, what is -10000110000 + -100?
-10000110100
In base 6, what is -22450 - 4?
-22454
In base 7, what is 2 + 312?
314
In base 16, what is 1 - 131?
-130
In base 6, what is -4 - -322?
314
In base 4, what is -220 + 2132?
1312
In base 15, what is -2 + -7d?
-80
In base 11, what is -a - a?
-19
In base 2, what is 11011110 + -1001?
11010101
In base 11, what is 1429 - 0?
1429
In base 3, what is -10 + 2122202?
2122122
In base 4, what is -10 - 212?
-222
In base 11, what is 1181 + 6?
1187
In base 4, what is -3 + -213?
-222
In base 13, what is -10 - -95?
85
In base 9, what is 8 + -54?
-45
In base 13, what is -12 + b3?
a1
In base 2, what is -11001100001111 + 0?
-11001100001111
In base 6, what is -4 - -1153?
1145
In base 9, what is 14 + -36?
-22
In base 2, what is 11101110010 - -11?
11101110101
In base 16, what is -7f9 - 3?
-7fc
In base 12, what is 4 + 58?
60
In base 5, what is 200 - 2?
143
In base 13, what is 177 - -2?
179
In base 12, what is 4a21 - 4?
4a19
In base 8, what is -3 - -12?
7
In base 11, what is 8 - 23a?
-232
In base 7, what is -2263 + 0?
-2263
In base 16, what is -3 + 61?
5e
In base 9, what is 20487 - -5?
20503
In base 13, what is -1 - 150?
-151
In base 6, what is -4522 - -13?
-4505
In base 3, what is 11100 + -1101?
2222
In base 14, what is -69b + 5?
-696
In base 8, what is -22020 + 2?
-22016
In base 12, what is -5 - -8?
3
In base 8, what is -3 - -11?
6
In base 15, what is -b - 16?
-22
In base 14, what is 0 - -46?
46
In base 5, what is 4 + 4014?
4023
In base 13, what is -c - b?
-1a
In base 12, what is 1 + 8?
9
In base 16, what is 5 - 206?
-201
In base 13, what is -11751 + -2?
-11753
In base 12, what is -a58 - 4?
-a60
In base 13, what is 163 + 5?
168
In base 7, what is -22 + -4?
-26
In base 15, what is 110d + 0?
110d
In base 3, what is 12 - -20?
102
In base 12, what is -5a + -4?
-62
In base 4, what is -2 - -211?
203
In base 10, what is -2 - 1163?
-1165
In base 4, what is 0 - 101?
-101
In base 4, what is -20122 - 20?
-20202
In base 4, what is -11 + -11132?
-11203
In base 5, what is 113 - -10?
123
In base 12, what is -54 - 2?
-56
In base 8, what is 23 + 13?
36
In base 2, what is -11 + -111